t is f(3)?
51
Let k(i) = -i**2 - 35*i - 55. Give k(-27).
161
Let v(q) = q**3 + 23*q**2 + 21*q - 440. What is v(-21)?
1
Let c(v) = v**3 + 11*v**2 + 23*v + 2. Calculate c(-3).
5
Let k(a) = 3*a**3 - 19*a**2 + 6*a. Give k(6).
0
Let c(j) = -j**3 - 8*j**2 + j - 227. What is c(-10)?
-37
Let b(p) = -9*p**3 + 203*p**2 + 92*p - 25. Give b(23).
-25
Let f(h) = -2*h**3 + 20*h**2 - 59*h + 74. Calculate f(6).
8
Let o(l) = -3*l + 48. What is o(6)?
30
Let z(s) = -s**3 + 23*s**2 - 80*s + 831. Give z(21).
33
Let p(q) = 21*q + 1505. Calculate p(-75).
-70
Let q(s) = s**3 - 4*s**2 + 556*s - 2791. What is q(5)?
14
Let g(n) = -592*n - 20138. Give g(-34).
-10
Let z(v) = v**3 - 23*v**2 - 50*v + 12. What is z(25)?
12
Let m(k) = 2*k**3 - 90*k**2 + 748*k - 7. Determine m(34).
-7
Let d(c) = 34*c**2 + 104*c + 15. Determine d(-3).
9
Let w(f) = -39*f - 54. Determine w(-4).
102
Let t(v) = v**3 + 13*v**2 + 2*v - 264. Give t(-10).
16
Let f(d) = -140*d - 723. What is f(0)?
-723
Let a(o) = -3*o**3 - 112*o**2 - 26*o + 203. Determine a(-37).
-204
Let k(o) = -o**2 - 16*o - 70. Determine k(-21).
-175
Let s(q) = 518*q + 6267. Determine s(-12).
51
Let x(n) = 4*n**3 + 271*n**2 + 204*n + 203. Determine x(-67).
2
Let c(r) = -r**3 - 10*r**2 - 12*r - 15. Give c(-7).
-78
Let t(b) = -196*b + 7491. Calculate t(37).
239
Let u(a) = 9*a**2 - 53*a - 357. Calculate u(-6).
285
Let r(q) = -2*q**2 - 58*q + 392. Give r(5).
52
Let q(f) = f**3 - f**2 - 10*f - 40. Calculate q(6).
80
Let w(a) = a**2 + 47*a + 250. What is w(-6)?
4
Let h(n) = -2*n**2 + 2*n + 277. Give h(-11).
13
Let q(d) = d**2 + 47*d + 447. Give q(-28).
-85
Let s(w) = w**3 + w**2 - 63*w - 85. Calculate s(-8).
-29
Let f(k) = -5*k**2 - 11*k - 37. What is f(-11)?
-521
Let m(h) = -21689*h - 21692. What is m(-1)?
-3
Let t(d) = d**3 + 14*d**2 + 18*d + 306. Calculate t(-13).
241
Let b(q) = -q**3 - 6*q**2 - 18*q - 21. Calculate b(-6).
87
Let p(i) = -437*i**2 + 5*i - 4. Calculate p(1).
-436
Let c(t) = t**3 - 30*t**2 + 3*t - 154. Give c(30).
-64
Let n(p) = p**3 - 26*p**2 + 47*p - 123. Give n(24).
-147
Let q(k) = -2*k**3 + 409*k**2 - 1016*k + 1211. What is q(202)?
-1
Let c(y) = 189*y + 1879. What is c(-10)?
-11
Let s(i) = 30*i - 151. Determine s(13).
239
Let g(i) = -i**3 + 25*i**2 - 10*i + 935. Give g(26).
-1
Let l(x) = -x**2 + 3140*x - 40650. Determine l(13).
1
Let x(r) = -r**2 + 18*r - 100. Give x(11).
-23
Let l(g) = -2*g**2 - 16*g + 209. Calculate l(-15).
-1
Let i(n) = n**3 + 8*n**2 + 22*n + 270. Determine i(-7).
165
Let v(n) = n**3 + 4*n**2 - 11*n - 73. Give v(-5).
-43
Let c(j) = j**2 - 108*j - 1429. Determine c(-12).
11
Let h(x) = -x**3 - 34*x**2 - 3*x - 25. What is h(-34)?
77
Let l(g) = -2*g**2 - 14*g - 74. What is l(-9)?
-110
Let c(h) = 277*h + 3598. Determine c(-13).
-3
Let s(h) = -h**2 + 37*h + 25. Calculate s(38).
-13
Let m(a) = -10*a + 274. What is m(27)?
4
Let i(u) = u**2 + 28*u + 206. What is i(-7)?
59
Let x(y) = -28*y + 2381. Calculate x(85).
1
Let u(w) = 4*w - 82. What is u(19)?
-6
Let i(m) = -m**2 + 810*m - 1616. What is i(2)?
0
Let u(r) = -12*r**2 + 11*r + 18. Calculate u(-8).
-838
Let h(q) = -8*q**2 - 4*q - 271. Determine h(0).
-271
Let p(w) = w**3 + 126*w**2 - 126*w + 151. Determine p(-127).
24
Let f(w) = 723*w - 8751. Give f(12).
-75
Let h(c) = c**2 - 37*c + 285. Give h(23).
-37
Let j(g) = -566*g + 14161. Determine j(25).
11
Let y(h) = 69*h + 1711. Calculate y(-25).
-14
Let z(q) = 280*q + 4165. Calculate z(-16).
-315
Let r(f) = f**2 - 474*f + 1442. Determine r(3).
29
Let n(r) = -6*r**2 + 4*r + 10. Give n(3).
-32
Let c(h) = -176*h - 672. Give c(-6).
384
Let f(o) = -3*o**2 - 47*o + 70. What is f(-17)?
2
Let x(g) = -12*g**2 - 779*g + 1600. What is x(2)?
-6
Let t(j) = -j**2 - 51*j - 257. Determine t(-53).
-363
Let m(t) = t**2 + 111*t + 1021. Calculate m(-10).
11
Let s(g) = 936*g + 98285. Calculate s(-105).
5
Let d(z) = 47*z + 3017. Give d(-63).
56
Let g(t) = t**3 + 22*t**2 + 79*t + 111. Determine g(-18).
-15
Let w(s) = 58*s + 474. Give w(-8).
10
Let r(z) = 4*z**3 + 2*z**2 + 13*z + 27. Determine r(-2).
-23
Let a(t) = -t**3 + 21*t**2 - 499*t + 5603. Calculate a(14).
-11
Let r(k) = -k**3 - k**2 + 12*k + 16. What is r(-2)?
-4
Let u(p) = 49*p + 206. Determine u(-4).
10
Let t(v) = 40*v**2 + 71*v - 1. Give t(-2).
17
Let p(a) = -a**3 + 20*a**2 + 24*a - 737. Calculate p(19).
80
Let n(j) = 66*j - 448. Determine n(4).
-184
Let o(f) = -46*f - 151. Calculate o(-3).
-13
Let j(u) = -4*u + 4. Give j(-9).
40
Let u(q) = q**3 + 19*q**2 + 37*q - 24. What is u(-16)?
152
Let h(n) = 28*n + 2388. What is h(-85)?
8
Let x(f) = -57*f**2 - 5412*f + 272. Give x(-95).
-13
Let o(k) = 2*k**2 + 396*k + 12651. Determine o(-40).
11
Let r(y) = -2*y**3 - 30*y**2 + 3*y + 24. Give r(-15).
-21
Let u(m) = 2430*m - 2432. What is u(1)?
-2
Let i(z) = -z**3 - 12*z**2 + 46*z + 434. Determine i(-13).
5
Let s(l) = -6*l**2 + 311*l - 259. Determine s(51).
-4
Let v(z) = -9*z**3 + 20*z**2 - 121*z + 236. Give v(2).
2
Let k(h) = 4*h**3 + 104*h**2 + 3*h + 75. Give k(-26).
-3
Let y(d) = 5*d**2 - 30*d + 9. Determine y(5).
-16
Let q(v) = -7*v**2 - v + 1071. What is q(-13)?
-99
Let v(c) = -8*c**2 + 18*c - 9. Give v(2).
-5
Let z(q) = -5*q**2 + 6*q + 65. What is z(-6)?
-151
Let j(t) = -3469*t - 287925. Calculate j(-83).
2
Let o(g) = g**3 - 78*g**2 + 559*g + 47. Calculate o(70).
-23
Let h(d) = -d**2 + 13*d + 55. Calculate h(21).
-113
Let p(n) = 12*n - 1268. Give p(81).
-296
Let m(k) = -6*k**2 + 403*k - 57. Give m(67).
10
Let b(h) = -h**2 - 41*h - 72. Calculate b(-39).
6
Let d(b) = 17*b**3 + 391*b**2 - 7*b - 169. Give d(-23).
-8
Let c(f) = 745*f + 25336. Calculate c(-34).
6
Let p(t) = -10*t - 1. Determine p(-27).
269
Let c(b) = 11*b**3 - 4*b**2 - 9*b + 5. Calculate c(-2).
-81
Let n(x) = -35*x**3 - 2*x**2 + 3. Calculate n(1).
-34
Let r(y) = -325*y - 6166. Determine r(-19).
9
Let s(f) = 18*f + 54. Determine s(-12).
-162
Let f(a) = 4*a**2 - 62*a + 20. Give f(15).
-10
Let y(w) = 5*w**3 + 2*w**2 - w - 1. What is y(-2)?
-31
Let n(r) = 57*r + 442. Give n(-9).
-71
Let f(d) = d**3 - 24*d**2 - 4*d + 34. Determine f(24).
-62
Let v(n) = 68*n - 457. Calculate v(7).
19
Let o(i) = -i**3 + 11*i**2 + 7. Give o(11).
7
Let l(p) = -p**3 + 8*p**2 + 21*p - 31. What is l(5)?
149
Let y(x) = 2*x**2 - 256*x - 23. What is y(0)?
-23
Let f(a) = a**2 + 40*a - 41. Give f(-44).
135
Let r(b) = 92*b - 1673. Give r(18).
-17
Let m(q) = 2*q**3 - 15*q**2 + 34*q - 12. Give m(4).
12
Let a(v) = 87*v - 4. Calculate a(-5).
-439
Let p(m) = -27*m - 277. What is p(-10)?
-7
Let c(r) = -111*r + 109. Give c(1).
-2
Let d(p) = 380*p + 3794. Give d(-10).
-6
Let z(p) = -p**3 - 12*p**2 - p - 30. Give z(-12).
-18
Let d(z) = -z**2 + 24*z + 78. Give d(27).
-3
Let j(s) = -3*s**2 + 220*s + 523. Give j(76).
-85
Let q(p) = -15*p + 141. What is q(4)?
81
Let f(p) = -2*p**3 - 9*p**2 + 3*p - 93. Give f(-6).
-3
Let o(x) = x**3 - 30*x**2 + 31*x - 36. Determine o(29).
22
Let t(f) = -10*f**2 + 141*f - 405. Determine t(4).
-1
Let h(t) = 415*t - 1640. Calculate h(4).
20
Let o(t) = -577*t + 1150. Determine o(2).
-4
Let u(d) = 3*d**3 - 13*d**2 - 37*d + 47. What is u(8)?
455
Let l(g) = g**3 + 12*g**2 + 27*g + 511. Calculate l(-13).
-9
Let o(m) = -m**3 - 36*m**2 + 444*m - 733. Calculate o(-46).
3
Let r(u) = -u**2 + 98*u + 1026. Calculate r(107).
63
Let h(q) = 2*q**3 - 117*q**2 - 65*q + 333. Calculate h(59).
-21
Let r(l) = -3*l**3 - 29*l**2 + 15*l + 90. What is r(-10)?
40
Let m(f) = -3*f**3 - 5*f**2 + 8*f + 2. Give m(-2).
-10
Let l(q) = -q**3 - 22*q**2 - 99*q + 340. Determine l(-13).
106
Let k(p) = 23*p + 252. Determine k(-15).
-93
Let l(b) = 2*b - 76. Determine l(6).
-64
Let c(a) = -18*a + 242. What is c(9)?
80
Let f(t) = -t**3 + 18*t**2 + 20*t + 138. Give f(19).
157
Let v(y) = 26*y + 2. Determine v(-2).
-50
Let t(g) = -g - 41. Calculate t(14).
-55
Let x(w) = -730*w - 52561. What is x(-72)?
-1
Let h(j) = 46*j**2 + 395*j + 2. Determine h(-9).
173
Let i(k) = 449*k - 2461. Calculate i(5).
-216
Let o(w) = w**3 - 8*w**2 - 85*w + 554. Calculate o(11).
-18
Let q(y) = 32*y + 2903. What is q(-91)?
-9
Let f(x) = -5*x**3 - 161*x**2 - 12*x + 640. Calculate f(-32).
0
Let j(w) = 40*w - 33. Give j(1).
7
Let k(u) = u**3 - 6*u**2 - 218*u - 33. Give k(-12).
-9
Let l(k) = -k**2 + 63*k - 899. Give l(22).
3
Let b(r) = -39*r - 6352. What is b(-163)?
5
Let y(g) = -679*g - 15579. Give y(-23